{"id":5285,"date":"2025-02-07T14:04:33","date_gmt":"2025-02-07T21:04:33","guid":{"rendered":"https:\/\/support.prl.ab.ca\/?page_id=5285"},"modified":"2025-07-10T12:18:47","modified_gmt":"2025-07-10T18:18:47","slug":"teen-book-club-kits","status":"publish","type":"page","link":"https:\/\/support.prl.ab.ca\/index.php\/library-how-to\/program-support\/teen-book-club-kits\/","title":{"rendered":"Teen Book Club Kits"},"content":{"rendered":"\n<h4 class=\"wp-block-heading\"><a href=\"https:\/\/support.prl.ab.ca\/index.php\/forms\/kit-booking\/\">To Reserve a Book Club Kit, Click Here<\/a><\/h4>\n\n\n\n<h4 class=\"wp-block-heading\"><strong>Looking for Smoke<\/strong> by K.A. Cobell<\/h4>\n\n\n\n<p>Kit includes 9 regular print hardback novels and 1 CD audiobook <strong>ideal for ages 13+<\/strong><\/p>\n\n\n<div class=\"wp-block-image\">\n<figure class=\"aligncenter size-large is-resized\"><img loading=\"lazy\" decoding=\"async\" width=\"677\" height=\"1024\" src=\"https:\/\/support.prl.ab.ca\/wp-content\/uploads\/2025\/07\/198529101-677x1024.jpg\" alt=\"\" class=\"wp-image-5545\" style=\"width:151px;height:auto\" srcset=\"https:\/\/support.prl.ab.ca\/wp-content\/uploads\/2025\/07\/198529101-677x1024.jpg 677w, https:\/\/support.prl.ab.ca\/wp-content\/uploads\/2025\/07\/198529101-198x300.jpg 198w, https:\/\/support.prl.ab.ca\/wp-content\/uploads\/2025\/07\/198529101-768x1162.jpg 768w, https:\/\/support.prl.ab.ca\/wp-content\/uploads\/2025\/07\/198529101-1015x1536.jpg 1015w, https:\/\/support.prl.ab.ca\/wp-content\/uploads\/2025\/07\/198529101-1354x2048.jpg 1354w, https:\/\/support.prl.ab.ca\/wp-content\/uploads\/2025\/07\/198529101-231x350.jpg 231w, https:\/\/support.prl.ab.ca\/wp-content\/uploads\/2025\/07\/198529101.jpg 1669w\" sizes=\"auto, (max-width: 677px) 100vw, 677px\" \/><\/figure>\n<\/div>\n\n\n<p>A literary-thriller murder mystery! Since moving to the Blackfeet Reservation with her parents, Mara Racette has felt like an outsider, taunted by her tight-knit classmates for growing up far away. So, when a local girl includes Mara in a traditional Blackfeet Giveaway to honor her missing sister, Mara thinks she\u2019ll finally make some friends. Instead, a girl from the Giveaway, Samantha White Tail, is found murdered. Because the members of the Giveaway group were the last to see Samantha alive, each becomes a person of interest in the investigation. New-girl Mara, who hated Samantha for being particularly cruel. Grief-stricken Loren Arnoux, who was Samantha\u2019s best friend until her sister\u2019s disappearance drove a wedge between them. Class-clown Brody Clark, whose unreciprocated crush on Samantha is an open secret. And tough-guy Eli First Kill, who has his own complicated history with Samantha. Despite deep mistrust, the four must now take matters into their own hands and clear their names &#8211; even though one of them may be the murderer. (Amazon)<\/p>\n\n\n\n<h4 class=\"wp-block-heading\"><strong>The Girl Who Fell Beneath the Sea<\/strong> by Axie Oh<\/h4>\n\n\n\n<p>Kit includes 9 regular print hardback novels and 1 CD audiobook <strong>ideal for ages 12+<\/strong><\/p>\n\n\n<div class=\"wp-block-image\">\n<figure class=\"aligncenter size-large is-resized\"><img loading=\"lazy\" decoding=\"async\" width=\"668\" height=\"1024\" src=\"https:\/\/support.prl.ab.ca\/wp-content\/uploads\/2025\/05\/56978100-668x1024.jpg\" alt=\"\" class=\"wp-image-5413\" style=\"width:148px;height:auto\" srcset=\"https:\/\/support.prl.ab.ca\/wp-content\/uploads\/2025\/05\/56978100-668x1024.jpg 668w, https:\/\/support.prl.ab.ca\/wp-content\/uploads\/2025\/05\/56978100-196x300.jpg 196w, https:\/\/support.prl.ab.ca\/wp-content\/uploads\/2025\/05\/56978100-768x1178.jpg 768w, https:\/\/support.prl.ab.ca\/wp-content\/uploads\/2025\/05\/56978100-1002x1536.jpg 1002w, https:\/\/support.prl.ab.ca\/wp-content\/uploads\/2025\/05\/56978100-1336x2048.jpg 1336w, https:\/\/support.prl.ab.ca\/wp-content\/uploads\/2025\/05\/56978100-228x350.jpg 228w, https:\/\/support.prl.ab.ca\/wp-content\/uploads\/2025\/05\/56978100.jpg 1663w\" sizes=\"auto, (max-width: 668px) 100vw, 668px\" \/><\/figure>\n<\/div>\n\n\n<p>Deadly storms have ravaged Mina\u2019s homeland for generations. Floods sweep away entire villages, while bloody wars are waged over the few remaining resources. Her people believe the Sea God, once their protector, now curses them with death and despair. In an attempt to appease him, each year a beautiful maiden is thrown into the sea to serve as the Sea God\u2019s bride, in the hopes that one day the \u201ctrue bride\u201d will be chosen and end the suffering. (Goodreads)<\/p>\n\n\n\n<h4 class=\"wp-block-heading\"><strong>Sunshine: A Graphic Novel<\/strong> by Jarrett J. Krosoczka<\/h4>\n\n\n\n<p>Kit includes 10 regular print paperback graphic novels <strong>ideal for ages 12+<\/strong><\/p>\n\n\n<div class=\"wp-block-image\">\n<figure class=\"aligncenter size-large is-resized\"><img loading=\"lazy\" decoding=\"async\" width=\"731\" height=\"1024\" src=\"https:\/\/support.prl.ab.ca\/wp-content\/uploads\/2025\/04\/Sunshine-731x1024.jpg\" alt=\"\" class=\"wp-image-5369\" style=\"width:146px;height:auto\" srcset=\"https:\/\/support.prl.ab.ca\/wp-content\/uploads\/2025\/04\/Sunshine-731x1024.jpg 731w, https:\/\/support.prl.ab.ca\/wp-content\/uploads\/2025\/04\/Sunshine-214x300.jpg 214w, https:\/\/support.prl.ab.ca\/wp-content\/uploads\/2025\/04\/Sunshine-768x1075.jpg 768w, https:\/\/support.prl.ab.ca\/wp-content\/uploads\/2025\/04\/Sunshine-1097x1536.jpg 1097w, https:\/\/support.prl.ab.ca\/wp-content\/uploads\/2025\/04\/Sunshine-1463x2048.jpg 1463w, https:\/\/support.prl.ab.ca\/wp-content\/uploads\/2025\/04\/Sunshine-250x350.jpg 250w, https:\/\/support.prl.ab.ca\/wp-content\/uploads\/2025\/04\/Sunshine-scaled.jpg 1829w\" sizes=\"auto, (max-width: 731px) 100vw, 731px\" \/><\/figure>\n<\/div>\n\n\n<p>When Jarrett J. Krosoczka was in high school, he was part of a program that sent students to be counselors at a camp for seriously ill kids and their families. Going into, Jarrett was worried: Wouldn&#8217;t it be depressing, to be around kids facing such a serious struggle? Wouldn&#8217;t it be grim? But instead of the shadow of death, Jarrett found something else at Camp Sunshine: the hope and determination that gets people through the most troubled of times. (Goodreads)<\/p>\n\n\n\n<h4 class=\"wp-block-heading\"><strong>In Waves Graphic Novel<\/strong> by A.J Dungo<\/h4>\n\n\n\n<p>Kit includes 10 regular print paperback graphic novels <strong>ideal for ages 14+<\/strong><\/p>\n\n\n<div class=\"wp-block-image\">\n<figure class=\"aligncenter size-full is-resized\"><img loading=\"lazy\" decoding=\"async\" width=\"165\" height=\"242\" src=\"https:\/\/support.prl.ab.ca\/wp-content\/uploads\/2025\/02\/Picture10.jpg\" alt=\"\" class=\"wp-image-5288\" style=\"width:139px;height:auto\"\/><\/figure>\n<\/div>\n\n\n<p><em>In Waves<\/em>&nbsp;honours the mirroring of life and relationships\u2014both past and present. With what had originally begun as an art school research project on surf history, Dungo expands to include a personal narrative of how the sport offered solace while grieving the death of his long-term girlfriend, Kristen. Dungo illustrates the evolution of losing someone to cancer over a period of time, and how the search for meaning beyond death is a constant process of reflection and connection.&nbsp;<em>In Waves&nbsp;<\/em>explores how, by their nature, surfing and grief are transitional processes, and how surfing has always offered \u201ccomfort to the broken\u201d. (Graphic Medicine)<\/p>\n\n\n\n<h4 class=\"wp-block-heading\"><strong>Grown<\/strong> by Tiffany D. Jackson<\/h4>\n\n\n\n<p>Kit includes 8 regular print paperback novels <strong>ideal for ages 12+<\/strong><\/p>\n\n\n<div class=\"wp-block-image\">\n<figure class=\"aligncenter size-full is-resized\"><img loading=\"lazy\" decoding=\"async\" width=\"165\" height=\"242\" src=\"https:\/\/support.prl.ab.ca\/wp-content\/uploads\/2025\/02\/Picture11.jpg\" alt=\"\" class=\"wp-image-5289\" style=\"width:142px;height:auto\"\/><\/figure>\n<\/div>\n\n\n<p>An aspiring singer is taken advantage of by a superstar. Since moving to the suburbs from Queens, 17-year-old Enchanted has been suffering. Although her grandma\u2019s apartment was cramped with everyone all together, Enchanted got to do the things she loves the most\u2014swimming in the ocean, hanging out with her grandma, and singing. Now, neither her new neighborhood nor her new private school is diverse, and she has to spend her free time watching her siblings. However, she does join the school swim team, and water is used as a powerful metaphor throughout the book. When Enchanted catches the eye of a 28-year-old music superstar at a singing competition, she pushes doubt and her parents\u2019 misgivings aside and goes on tour with him. The novel shines light on biases against young Black women and the victim-blaming that so often occurs when a predator has power, fame, and money.&nbsp;(Kirkus Reviews)<\/p>\n\n\n\n<h4 class=\"wp-block-heading\"><strong>Children of Blood and Bones #1<\/strong> by Tomi Adeyemi<\/h4>\n\n\n\n<p>Kit includes 8 regular print hardback novels, 1 large print novel, and 1 CD audiobook <strong>ideal for ages 14+<\/strong><\/p>\n\n\n<div class=\"wp-block-image\">\n<figure class=\"aligncenter size-full is-resized\"><img loading=\"lazy\" decoding=\"async\" width=\"165\" height=\"242\" src=\"https:\/\/support.prl.ab.ca\/wp-content\/uploads\/2025\/02\/Picture12.jpg\" alt=\"\" class=\"wp-image-5290\" style=\"width:150px;height:auto\"\/><\/figure>\n<\/div>\n\n\n<p>Z\u00e9lie Adebola remembers when the soil of Or\u00efsha hummed with magic. Burners ignited flames, Tiders beckoned waves, and Z\u00e9lie\u2019s Reaper mother summoned forth souls. But everything changed the night magic disappeared. Under the orders of a ruthless king, maji were killed, leaving Z\u00e9lie without a mother and her people without hope. Now Z\u00e9lie has one chance to bring back magic and strike against the monarchy. With the help of a rogue princess, Z\u00e9lie must outwit and outrun the crown prince, who is hell-bent on eradicating magic for good. Danger lurks in Or\u00efsha, where snow leoponaires prowl and vengeful spirits wait in the waters. Yet the greatest danger may be Z\u00e9lie herself as she struggles to control her powers and her growing feelings for an enemy. (Goodreads)<\/p>\n\n\n\n<h4 class=\"wp-block-heading\"><strong>Parachutes<\/strong> by Kelly Yang<\/h4>\n\n\n\n<p>Kit includes 8 regular print hardback novels, 1 large print novel, and 1 CD audiobook <strong>ideal for ages 12+<\/strong><\/p>\n\n\n<div class=\"wp-block-image\">\n<figure class=\"aligncenter size-full is-resized\"><img loading=\"lazy\" decoding=\"async\" width=\"165\" height=\"242\" src=\"https:\/\/support.prl.ab.ca\/wp-content\/uploads\/2025\/02\/Picture13.png\" alt=\"\" class=\"wp-image-5291\" style=\"width:142px;height:auto\"\/><\/figure>\n<\/div>\n\n\n<p>They\u2019re called parachutes: teenagers dropped off to live in private homes and study in the United States while their wealthy parents remain in Asia. Claire Wang never thought she\u2019d be one of them, until her parents pluck her from her privileged life in Shanghai and enroll her at a high school in California. Suddenly she finds herself living in a stranger\u2019s house, with no one to tell her what to do for the first time in her life. She soon embraces her newfound freedom, especially when the hottest and most eligible parachute, Jay, asks her out. Dani, Claire\u2019s new host sister, couldn\u2019t be less thrilled that her mom rented out a room to Claire. An academic and debate team star, Dani is determined to earn her way into Yale, even if it means competing with privileged kids who are buying their way to the top. As they steer their own distinct paths, Dani and Claire keep crashing into one another, setting a course that will change their lives forever. (Kelly Yang)<\/p>\n\n\n\n<h4 class=\"wp-block-heading\"><strong>The Cruel Prince #1<\/strong> by Holly Black<\/h4>\n\n\n\n<p>Kit includes 8 regular print hardback novels and 1 MP3 audiobook <strong>ideal for ages 14+<\/strong><\/p>\n\n\n<div class=\"wp-block-image\">\n<figure class=\"aligncenter size-full is-resized\"><img loading=\"lazy\" decoding=\"async\" width=\"165\" height=\"242\" src=\"https:\/\/support.prl.ab.ca\/wp-content\/uploads\/2025\/02\/Picture14.jpg\" alt=\"\" class=\"wp-image-5292\" style=\"width:147px;height:auto\"\/><\/figure>\n<\/div>\n\n\n<p>Jude\u2014broken, rebuilt, fueled by anger and a sense of powerlessness\u2014has never recovered from watching her adoptive Faerie father murder her parents. Human Jude both hates and loves Madoc, whose murderous nature is true to his Faerie self and who in his own way loves her. Brought up among the Gentry, Jude has never felt at ease, but after a decade, Faerie has become her home despite the constant peril. Black\u2019s latest series looks at nature and nurture and spins a tale of court intrigue, bloodshed, and a truly messed-up relationship that might be the saving of Jude and the titular prince, who, like Jude, has been shaped by the cruelties of others. (Kirkus Reviews)<\/p>\n\n\n\n<h4 class=\"wp-block-heading\"><strong>Tilly and the Crazy Eights<\/strong> by Monique Gray Smith <\/h4>\n\n\n\n<p>Kit includes 10 regular print paperback novels <strong>ideal for ages 12+<\/strong><\/p>\n\n\n<div class=\"wp-block-image\">\n<figure class=\"aligncenter size-large is-resized\"><img loading=\"lazy\" decoding=\"async\" width=\"683\" height=\"1024\" src=\"https:\/\/support.prl.ab.ca\/wp-content\/uploads\/2025\/02\/9781772600759_6f30f523-51c5-4ab3-b6c0-ee35ce369b12-683x1024.webp\" alt=\"\" class=\"wp-image-5294\" style=\"width:152px;height:auto\" srcset=\"https:\/\/support.prl.ab.ca\/wp-content\/uploads\/2025\/02\/9781772600759_6f30f523-51c5-4ab3-b6c0-ee35ce369b12-683x1024.webp 683w, https:\/\/support.prl.ab.ca\/wp-content\/uploads\/2025\/02\/9781772600759_6f30f523-51c5-4ab3-b6c0-ee35ce369b12-200x300.webp 200w, https:\/\/support.prl.ab.ca\/wp-content\/uploads\/2025\/02\/9781772600759_6f30f523-51c5-4ab3-b6c0-ee35ce369b12-768x1152.webp 768w, https:\/\/support.prl.ab.ca\/wp-content\/uploads\/2025\/02\/9781772600759_6f30f523-51c5-4ab3-b6c0-ee35ce369b12-1024x1536.webp 1024w, https:\/\/support.prl.ab.ca\/wp-content\/uploads\/2025\/02\/9781772600759_6f30f523-51c5-4ab3-b6c0-ee35ce369b12-1365x2048.webp 1365w, https:\/\/support.prl.ab.ca\/wp-content\/uploads\/2025\/02\/9781772600759_6f30f523-51c5-4ab3-b6c0-ee35ce369b12-233x350.webp 233w, https:\/\/support.prl.ab.ca\/wp-content\/uploads\/2025\/02\/9781772600759_6f30f523-51c5-4ab3-b6c0-ee35ce369b12.webp 1650w\" sizes=\"auto, (max-width: 683px) 100vw, 683px\" \/><\/figure>\n<\/div>\n\n\n<p>The story begins with eight Elders deciding to travel to the Gathering of Nations Pow Wow in Albuquerque, each of them marking off an item on their \u201cbucket lists\u201d along the way. With the help of their community, they secure a small bus and the funds for travel but still need a driver, which is where Tilly comes in, a married mother of two who\u2019s at a crossroads. The opportunity to spend two weeks with Elders and receive the gifts of their teachings is the medicine she needs. It\u2019s not an easy journey though. Among the group is an Elder frail from a bout with cancer; the grieving mother of a daughter who passed years earlier; and two sisters who have never talked about the abuse they endured at a residential school. But the voyage turns out to be beneficial for all of them, a model for moving forward and healing from trauma.&nbsp;(Quill and Quire)<\/p>\n\n\n\n<h4 class=\"wp-block-heading\"><a href=\"https:\/\/support.prl.ab.ca\/index.php\/forms\/kit-booking\/\">To Reserve a Book Club Kit, Click Here<\/a><\/h4>\n","protected":false},"excerpt":{"rendered":"<p>To Reserve a Book Club Kit, Click Here Looking for Smoke by K.A. Cobell Kit includes 9 regular print hardback novels and 1 CD audiobook ideal for ages 13+ A literary-thriller murder mystery! Since moving to the Blackfeet Reservation with her parents, Mara Racette has felt like an outsider, taunted &hellip;<\/p>\n","protected":false},"author":9,"featured_media":0,"parent":1500,"menu_order":0,"comment_status":"closed","ping_status":"closed","template":"","meta":{"footnotes":""},"class_list":["post-5285","page","type-page","status-publish","hentry"],"_links":{"self":[{"href":"https:\/\/support.prl.ab.ca\/index.php\/wp-json\/wp\/v2\/pages\/5285","targetHints":{"allow":["GET"]}}],"collection":[{"href":"https:\/\/support.prl.ab.ca\/index.php\/wp-json\/wp\/v2\/pages"}],"about":[{"href":"https:\/\/support.prl.ab.ca\/index.php\/wp-json\/wp\/v2\/types\/page"}],"author":[{"embeddable":true,"href":"https:\/\/support.prl.ab.ca\/index.php\/wp-json\/wp\/v2\/users\/9"}],"replies":[{"embeddable":true,"href":"https:\/\/support.prl.ab.ca\/index.php\/wp-json\/wp\/v2\/comments?post=5285"}],"version-history":[{"count":5,"href":"https:\/\/support.prl.ab.ca\/index.php\/wp-json\/wp\/v2\/pages\/5285\/revisions"}],"predecessor-version":[{"id":5546,"href":"https:\/\/support.prl.ab.ca\/index.php\/wp-json\/wp\/v2\/pages\/5285\/revisions\/5546"}],"up":[{"embeddable":true,"href":"https:\/\/support.prl.ab.ca\/index.php\/wp-json\/wp\/v2\/pages\/1500"}],"wp:attachment":[{"href":"https:\/\/support.prl.ab.ca\/index.php\/wp-json\/wp\/v2\/media?parent=5285"}],"curies":[{"name":"wp","href":"https:\/\/api.w.org\/{rel}","templated":true}]}}